{"id":954,"date":"2017-01-20T22:16:39","date_gmt":"2017-01-20T21:16:39","guid":{"rendered":"http:\/\/ff-muehlfeld.at\/?page_id=954"},"modified":"2017-04-13T20:54:18","modified_gmt":"2017-04-13T18:54:18","slug":"jugend-main","status":"publish","type":"page","link":"https:\/\/ff-muehlfeld.at\/?page_id=954","title":{"rendered":"FF Jugend"},"content":{"rendered":"<p>Im Oktober 2016 gr\u00fcndeten die Feuerwehren von Horn, Breiteneich, M\u00fchlfeld und M\u00f6dring die <a href=\"https:\/\/www.ff-horn.at\/?page_id=2870\" target=\"_blank\"><strong>Feuerwehr Jugend Horn<\/strong><\/a>.<\/p>\n<p>Feuerwehr Jugend Mitglieder der Freiwilligen Feuerwehr M\u00fchlfeld:<\/p>\n<div id=\"attachment_958\" style=\"width: 1010px\" class=\"wp-caption alignnone\"><img aria-describedby=\"caption-attachment-958\" loading=\"lazy\" class=\"wp-image-958 size-full\" src=\"https:\/\/ff-muehlfeld.at\/wp-content\/uploads\/2017\/01\/IMG_1819.jpg\" alt=\"Feuerwehr Jugend M\u00fchfeld\" width=\"1000\" height=\"666\" \/><p id=\"caption-attachment-958\" class=\"wp-caption-text\">Paulik Iris, Fuchs Elias, Paulik David u. Fuchs Jakob<\/p><\/div>\n<p>&nbsp;<\/p>\n<div id=\"attachment_1064\" style=\"width: 1010px\" class=\"wp-caption alignnone\"><img aria-describedby=\"caption-attachment-1064\" loading=\"lazy\" class=\"wp-image-1064 size-full\" src=\"https:\/\/ff-muehlfeld.at\/wp-content\/uploads\/2017\/01\/Feuerwehr-Jugend-Muehlfeld-2.jpg\" alt=\"Feuerwehr Jugend M\u00fchlfeld\" width=\"1000\" height=\"666\" \/><p id=\"caption-attachment-1064\" class=\"wp-caption-text\">Paulik Iris, Fuchs Jakob, Paulik David, Fuchs Elias<\/p><\/div>\n<p>&nbsp;<\/p>\n<p><strong>Freiwillige Feuerwehr Horn <\/strong><strong>Feuerwehrjugend\u00a0\u00a0<\/strong><\/p>\n<div id=\"attachment_980\" style=\"width: 200px\" class=\"wp-caption alignleft\"><img aria-describedby=\"caption-attachment-980\" loading=\"lazy\" class=\"wp-image-980\" src=\"https:\/\/ff-muehlfeld.at\/wp-content\/uploads\/2017\/01\/fj-horn-wappen-237x300.jpg\" alt=\"FJ Horn\" width=\"190\" height=\"241\" srcset=\"https:\/\/ff-muehlfeld.at\/wp-content\/uploads\/2017\/01\/fj-horn-wappen-237x300.jpg 237w, https:\/\/ff-muehlfeld.at\/wp-content\/uploads\/2017\/01\/fj-horn-wappen-768x972.jpg 768w, https:\/\/ff-muehlfeld.at\/wp-content\/uploads\/2017\/01\/fj-horn-wappen-809x1024.jpg 809w, https:\/\/ff-muehlfeld.at\/wp-content\/uploads\/2017\/01\/fj-horn-wappen.jpg 2002w\" sizes=\"(max-width: 190px) 100vw, 190px\" \/><p id=\"caption-attachment-980\" class=\"wp-caption-text\">FJ Horn<\/p><\/div>\n<p>3580 Horn, Raabser Stra\u00dfe 28<\/p>\n<p>E-Mail: jugend@ff-horn.at<\/p>\n<p>Internet: <a href=\"https:\/\/www.ff-horn.at\/?page_id=2870\" target=\"_blank\">FF Jugend Horn<\/a><\/p>\n<p>Jugendbetreuer: Arnold Hauer, 0676\/33 94 764<\/p>\n","protected":false},"excerpt":{"rendered":"<p>Im Oktober 2016 gr\u00fcndeten die Feuerwehren von Horn, Breiteneich, M\u00fchlfeld und M\u00f6dring die Feuerwehr Jugend Horn. Feuerwehr Jugend Mitglieder der Freiwilligen Feuerwehr M\u00fchlfeld: &nbsp; &nbsp; Freiwillige Feuerwehr Horn Feuerwehrjugend\u00a0\u00a0 3580 Horn, Raabser Stra\u00dfe 28 E-Mail: jugend@ff-horn.at Internet: FF Jugend Horn Jugendbetreuer: Arnold Hauer, 0676\/33 94 764<\/p>\n","protected":false},"author":1,"featured_media":0,"parent":0,"menu_order":0,"comment_status":"closed","ping_status":"closed","template":"page-fullwidth.php","meta":[],"_links":{"self":[{"href":"https:\/\/ff-muehlfeld.at\/index.php?rest_route=\/wp\/v2\/pages\/954"}],"collection":[{"href":"https:\/\/ff-muehlfeld.at\/index.php?rest_route=\/wp\/v2\/pages"}],"about":[{"href":"https:\/\/ff-muehlfeld.at\/index.php?rest_route=\/wp\/v2\/types\/page"}],"author":[{"embeddable":true,"href":"https:\/\/ff-muehlfeld.at\/index.php?rest_route=\/wp\/v2\/users\/1"}],"replies":[{"embeddable":true,"href":"https:\/\/ff-muehlfeld.at\/index.php?rest_route=%2Fwp%2Fv2%2Fcomments&post=954"}],"version-history":[{"count":8,"href":"https:\/\/ff-muehlfeld.at\/index.php?rest_route=\/wp\/v2\/pages\/954\/revisions"}],"predecessor-version":[{"id":1236,"href":"https:\/\/ff-muehlfeld.at\/index.php?rest_route=\/wp\/v2\/pages\/954\/revisions\/1236"}],"wp:attachment":[{"href":"https:\/\/ff-muehlfeld.at\/index.php?rest_route=%2Fwp%2Fv2%2Fmedia&parent=954"}],"curies":[{"name":"wp","href":"https:\/\/api.w.org\/{rel}","templated":true}]}}